{"id":2788,"date":"2019-03-17T22:03:19","date_gmt":"2019-03-17T21:03:19","guid":{"rendered":"https:\/\/www.brettnacher.org\/brettnacher_wp\/musik-2\/"},"modified":"2025-12-03T14:20:39","modified_gmt":"2025-12-03T13:20:39","slug":"konzerte","status":"publish","type":"page","link":"https:\/\/www.brettnacher.org\/musik\/konzerte\/","title":{"rendered":"Konzerte"},"content":{"rendered":"\t\t<div data-elementor-type=\"wp-post\" data-elementor-id=\"2788\" class=\"elementor elementor-2788\">\n\t\t\t\t\t\t<section class=\"has_eae_slider elementor-section elementor-top-section elementor-element elementor-element-25e5f73 elementor-section-boxed elementor-section-height-default elementor-section-height-default\" data-id=\"25e5f73\" data-element_type=\"section\">\n\t\t\t\t\t\t<div class=\"elementor-container elementor-column-gap-default\">\n\t\t\t\t\t<div class=\"has_eae_slider elementor-column elementor-col-100 elementor-top-column elementor-element elementor-element-c601fa0\" data-id=\"c601fa0\" data-element_type=\"column\">\n\t\t\t<div class=\"elementor-widget-wrap elementor-element-populated\">\n\t\t\t\t\t\t<div class=\"elementor-element elementor-element-10cc47a elementor-invisible elementor-widget elementor-widget-heading\" data-id=\"10cc47a\" data-element_type=\"widget\" data-settings=\"{&quot;_animation&quot;:&quot;fadeInDown&quot;,&quot;_animation_tablet&quot;:&quot;fadeInDown&quot;,&quot;_animation_mobile&quot;:&quot;fadeInDown&quot;}\" data-widget_type=\"heading.default\">\n\t\t\t\t<div class=\"elementor-widget-container\">\n\t\t\t<h2 class=\"elementor-heading-title elementor-size-default\">- Konzerte -<\/h2>\t\t<\/div>\n\t\t\t\t<\/div>\n\t\t\t\t\t<\/div>\n\t\t<\/div>\n\t\t\t\t\t<\/div>\n\t\t<\/section>\n\t\t\t\t<section class=\"has_eae_slider elementor-section elementor-top-section elementor-element elementor-element-46d509f elementor-section-boxed elementor-section-height-default elementor-section-height-default\" data-id=\"46d509f\" data-element_type=\"section\">\n\t\t\t\t\t\t<div class=\"elementor-container elementor-column-gap-default\">\n\t\t\t\t\t<div class=\"has_eae_slider elementor-column elementor-col-100 elementor-top-column elementor-element elementor-element-dd95ecf\" data-id=\"dd95ecf\" data-element_type=\"column\">\n\t\t\t<div class=\"elementor-widget-wrap elementor-element-populated\">\n\t\t\t\t\t\t<section class=\"has_eae_slider elementor-section elementor-inner-section elementor-element elementor-element-332d6bd elementor-section-boxed elementor-section-height-default elementor-section-height-default\" data-id=\"332d6bd\" data-element_type=\"section\">\n\t\t\t\t\t\t<div class=\"elementor-container elementor-column-gap-default\">\n\t\t\t\t\t<div class=\"has_eae_slider elementor-column elementor-col-50 elementor-inner-column elementor-element elementor-element-8457958\" data-id=\"8457958\" data-element_type=\"column\">\n\t\t\t<div class=\"elementor-widget-wrap elementor-element-populated\">\n\t\t\t\t\t\t<div class=\"elementor-element elementor-element-8813385 elementor-widget elementor-widget-spacer\" data-id=\"8813385\" data-element_type=\"widget\" data-widget_type=\"spacer.default\">\n\t\t\t\t<div class=\"elementor-widget-container\">\n\t\t\t\t\t<div class=\"elementor-spacer\">\n\t\t\t<div class=\"elementor-spacer-inner\"><\/div>\n\t\t<\/div>\n\t\t\t\t<\/div>\n\t\t\t\t<\/div>\n\t\t\t\t<div class=\"elementor-element elementor-element-327fb6c elementor-widget elementor-widget-image\" data-id=\"327fb6c\" data-element_type=\"widget\" data-widget_type=\"image.default\">\n\t\t\t\t<div class=\"elementor-widget-container\">\n\t\t\t\t\t\t\t\t\t\t\t\t\t<img decoding=\"async\" src=\"https:\/\/www.brettnacher.org\/brettnacher_wp\/wp-content\/uploads\/elementor\/thumbs\/Film_ab-q7elfk0u4mny82zbjsqbgejb08g31ihnhkhbhegrig.jpg\" title=\"Film Ab\" alt=\"Film Ab\" loading=\"lazy\" \/>\t\t\t\t\t\t\t\t\t\t\t\t\t<\/div>\n\t\t\t\t<\/div>\n\t\t\t\t<div class=\"elementor-element elementor-element-2e43dc4 elementor-widget elementor-widget-heading\" data-id=\"2e43dc4\" data-element_type=\"widget\" data-widget_type=\"heading.default\">\n\t\t\t\t<div class=\"elementor-widget-container\">\n\t\t\t<h6 class=\"elementor-heading-title elementor-size-default\">- Flimmerkiste und Leinwand -\n<br>\nMusik aus TV Serien, Film\n<br>\nund Kino Blockbustern<\/h6>\t\t<\/div>\n\t\t\t\t<\/div>\n\t\t\t\t<div class=\"elementor-element elementor-element-94fbb29 elementor-widget elementor-widget-heading\" data-id=\"94fbb29\" data-element_type=\"widget\" data-widget_type=\"heading.default\">\n\t\t\t\t<div class=\"elementor-widget-container\">\n\t\t\t<h6 class=\"elementor-heading-title elementor-size-default\">Das Erlebnis und die Magie der TV und Filmmusik in einem einzigartigen Konzerterlebnis der Extraklasse!<br><br>Tauchen Sie ein in die faszinierende Welt von<br><br>\n- Flimmerkiste und Leinwand -<br><br>\nund genie\u00dfen Sie unvergessliche Melodien aus beliebten TV Serien und gro\u00dfen Leinwand Blockbustern in einer atemberaubenden Live Performance exklusiv pr\u00e4sentiert im Orchester Sound. Mitrei\u00dfende Kl\u00e4nge werden Ihre Sinne verzaubern und Sie erleben eine emotionale Reise durch die Welt des Films, voller Emotionen und Nostalgie.<br><br>Die kraftvolle Musik der Leinwand aus der Geschichte des Kinos und der TV Serien, epische Kompositionen, ikonische Soundtracks von Ron Goodwin, Henry Mancini, Monti Norman, Alan Silvestri, Maurice Jarre, Michel Legrand bis hin zu Christian Bruhn, Harold Faltermayer, Bill Conti, John Barry, Rachel Portman und John Williams werden zum Leben erweckt und Ihre Lieblingsszenen erscheinen in einem v\u00f6llig neuen Licht.<br><br>Dieses exklusive und au\u00dfergew\u00f6hnliche Konzert verspricht Unterhaltung auf h\u00f6chstem Niveau und eine unvergleichliche Verbindung zwischen Film und Musik mit garantierten G\u00e4nsehautmomenten.<\/h6>\t\t<\/div>\n\t\t\t\t<\/div>\n\t\t\t\t<div class=\"elementor-element elementor-element-dc67ca3 elementor-widget elementor-widget-spacer\" data-id=\"dc67ca3\" data-element_type=\"widget\" data-widget_type=\"spacer.default\">\n\t\t\t\t<div class=\"elementor-widget-container\">\n\t\t\t\t\t<div class=\"elementor-spacer\">\n\t\t\t<div class=\"elementor-spacer-inner\"><\/div>\n\t\t<\/div>\n\t\t\t\t<\/div>\n\t\t\t\t<\/div>\n\t\t\t\t\t<\/div>\n\t\t<\/div>\n\t\t\t\t<div class=\"has_eae_slider elementor-column elementor-col-50 elementor-inner-column elementor-element elementor-element-9cdb088\" data-id=\"9cdb088\" data-element_type=\"column\">\n\t\t\t<div class=\"elementor-widget-wrap elementor-element-populated\">\n\t\t\t\t\t\t<div class=\"elementor-element elementor-element-060daff elementor-widget elementor-widget-spacer\" data-id=\"060daff\" data-element_type=\"widget\" data-widget_type=\"spacer.default\">\n\t\t\t\t<div class=\"elementor-widget-container\">\n\t\t\t\t\t<div class=\"elementor-spacer\">\n\t\t\t<div class=\"elementor-spacer-inner\"><\/div>\n\t\t<\/div>\n\t\t\t\t<\/div>\n\t\t\t\t<\/div>\n\t\t\t\t<div class=\"elementor-element elementor-element-c894e0a elementor-widget elementor-widget-image\" data-id=\"c894e0a\" data-element_type=\"widget\" data-widget_type=\"image.default\">\n\t\t\t\t<div class=\"elementor-widget-container\">\n\t\t\t\t\t\t\t\t\t\t\t\t\t<img decoding=\"async\" src=\"https:\/\/www.brettnacher.org\/brettnacher_wp\/wp-content\/uploads\/elementor\/thumbs\/Music_Classics-qj43y9o4rwik5qv1707r3d3wyghny1zpdyd6yhn4ug.jpg\" title=\"Music Classics\" alt=\"Music Classics\" loading=\"lazy\" \/>\t\t\t\t\t\t\t\t\t\t\t\t\t<\/div>\n\t\t\t\t<\/div>\n\t\t\t\t<div class=\"elementor-element elementor-element-0f41db7 elementor-widget elementor-widget-heading\" data-id=\"0f41db7\" data-element_type=\"widget\" data-widget_type=\"heading.default\">\n\t\t\t\t<div class=\"elementor-widget-container\">\n\t\t\t<h6 class=\"elementor-heading-title elementor-size-default\">- MUSIC CLASSICS -\n<br>\n<br>\nPop - Rock - Musical - Film - Evergreens<\/h6>\t\t<\/div>\n\t\t\t\t<\/div>\n\t\t\t\t<div class=\"elementor-element elementor-element-7d1a7c9 elementor-widget elementor-widget-heading\" data-id=\"7d1a7c9\" data-element_type=\"widget\" data-widget_type=\"heading.default\">\n\t\t\t\t<div class=\"elementor-widget-container\">\n\t\t\t<h6 class=\"elementor-heading-title elementor-size-default\">Freuen Sie sich auf eine unvergessliche musikalische Reise voller Musik und Emotionen in die Welt der Hits und Klassiker, die bereits Generationen begeistert hat!<br><br>Bei diesem Konzert Event erwartet Sie ein unvergleichliches Erlebnis, ein Abend voller gro\u00dfartiger Kl\u00e4nge. Genie\u00dfen Sie Songs aus den verschiedensten Genres. Von mitrei\u00dfenden Pop und Rock Hymnen und Evergreens \u00fcber emotionale rockige Musical Kl\u00e4nge bis hin zu zeitlosen Klassikern und unvergesslichen Filmmusik Momenten, ist alles dabei.<br><br>Lassen auch Sie sich begeistern durch die Magie der Musik und mitrei\u00dfender orchestraler Kl\u00e4nge, unvergesslich, beeindruckend, garantiert live und hautnah!<\/h6>\t\t<\/div>\n\t\t\t\t<\/div>\n\t\t\t\t<div class=\"elementor-element elementor-element-c88c36e elementor-widget elementor-widget-spacer\" data-id=\"c88c36e\" data-element_type=\"widget\" data-widget_type=\"spacer.default\">\n\t\t\t\t<div class=\"elementor-widget-container\">\n\t\t\t\t\t<div class=\"elementor-spacer\">\n\t\t\t<div class=\"elementor-spacer-inner\"><\/div>\n\t\t<\/div>\n\t\t\t\t<\/div>\n\t\t\t\t<\/div>\n\t\t\t\t\t<\/div>\n\t\t<\/div>\n\t\t\t\t\t<\/div>\n\t\t<\/section>\n\t\t\t\t<section class=\"has_eae_slider elementor-section elementor-inner-section elementor-element elementor-element-1ec2653 elementor-section-boxed elementor-section-height-default elementor-section-height-default\" data-id=\"1ec2653\" data-element_type=\"section\">\n\t\t\t\t\t\t<div class=\"elementor-container elementor-column-gap-default\">\n\t\t\t\t\t<div class=\"has_eae_slider elementor-column elementor-col-50 elementor-inner-column elementor-element elementor-element-4ad94b4\" data-id=\"4ad94b4\" data-element_type=\"column\">\n\t\t\t<div class=\"elementor-widget-wrap\">\n\t\t\t\t\t\t\t<\/div>\n\t\t<\/div>\n\t\t\t\t<div class=\"has_eae_slider elementor-column elementor-col-50 elementor-inner-column elementor-element elementor-element-f798173\" data-id=\"f798173\" data-element_type=\"column\">\n\t\t\t<div class=\"elementor-widget-wrap\">\n\t\t\t\t\t\t\t<\/div>\n\t\t<\/div>\n\t\t\t\t\t<\/div>\n\t\t<\/section>\n\t\t\t\t\t<\/div>\n\t\t<\/div>\n\t\t\t\t\t<\/div>\n\t\t<\/section>\n\t\t\t\t<section class=\"has_eae_slider elementor-section elementor-top-section elementor-element elementor-element-20e22f0 elementor-section-boxed elementor-section-height-default elementor-section-height-default\" data-id=\"20e22f0\" data-element_type=\"section\">\n\t\t\t\t\t\t<div class=\"elementor-container elementor-column-gap-default\">\n\t\t\t\t\t<div class=\"has_eae_slider elementor-column elementor-col-100 elementor-top-column elementor-element elementor-element-a80d952\" data-id=\"a80d952\" data-element_type=\"column\">\n\t\t\t<div class=\"elementor-widget-wrap elementor-element-populated\">\n\t\t\t\t\t\t<div class=\"elementor-element elementor-element-edefd27 elementor-widget elementor-widget-spacer\" data-id=\"edefd27\" data-element_type=\"widget\" data-widget_type=\"spacer.default\">\n\t\t\t\t<div class=\"elementor-widget-container\">\n\t\t\t\t\t<div class=\"elementor-spacer\">\n\t\t\t<div class=\"elementor-spacer-inner\"><\/div>\n\t\t<\/div>\n\t\t\t\t<\/div>\n\t\t\t\t<\/div>\n\t\t\t\t\t<\/div>\n\t\t<\/div>\n\t\t\t\t\t<\/div>\n\t\t<\/section>\n\t\t\t\t<\/div>\n\t\t","protected":false},"excerpt":{"rendered":"<p>&#8211; Konzerte &#8211; &#8211; Flimmerkiste und Leinwand &#8211; Musik aus TV Serien, Film und Kino Blockbustern Das Erlebnis und die Magie der TV und Filmmusik in einem einzigartigen Konzerterlebnis der Extraklasse! Tauchen Sie ein in die faszinierende Welt von &#8211; Flimmerkiste und Leinwand &#8211; und genie\u00dfen Sie unvergessliche Melodien aus beliebten TV Serien und gro\u00dfen [&hellip;]<\/p>\n","protected":false},"author":2,"featured_media":0,"parent":0,"menu_order":0,"comment_status":"closed","ping_status":"closed","template":"page-templates\/page_front-page.php","meta":{"footnotes":""},"_links":{"self":[{"href":"https:\/\/www.brettnacher.org\/musik\/wp-json\/wp\/v2\/pages\/2788"}],"collection":[{"href":"https:\/\/www.brettnacher.org\/musik\/wp-json\/wp\/v2\/pages"}],"about":[{"href":"https:\/\/www.brettnacher.org\/musik\/wp-json\/wp\/v2\/types\/page"}],"author":[{"embeddable":true,"href":"https:\/\/www.brettnacher.org\/musik\/wp-json\/wp\/v2\/users\/2"}],"replies":[{"embeddable":true,"href":"https:\/\/www.brettnacher.org\/musik\/wp-json\/wp\/v2\/comments?post=2788"}],"version-history":[{"count":275,"href":"https:\/\/www.brettnacher.org\/musik\/wp-json\/wp\/v2\/pages\/2788\/revisions"}],"predecessor-version":[{"id":9482,"href":"https:\/\/www.brettnacher.org\/musik\/wp-json\/wp\/v2\/pages\/2788\/revisions\/9482"}],"wp:attachment":[{"href":"https:\/\/www.brettnacher.org\/musik\/wp-json\/wp\/v2\/media?parent=2788"}],"curies":[{"name":"wp","href":"https:\/\/api.w.org\/{rel}","templated":true}]}}